= f. Suppose -4*s + 0*j + 15 = j, -5*s - f*j + 27 = 0. Let h(w) = 4*w**3 + 0*w**3 - w**2 - s*w**3. Give h(2).
4
Let l(a) = -a**2 + 7. Let k be 4/24 + 915/18. Let f = -51 + k. Give l(f).
7
Let h(v) = v**2 - 12*v + 14. Suppose 12*q = 155 - 23. Determine h(q).
3
Suppose -130*y = -160*y + 60. Let m(r) = 2*r**2 - 7*r + 3. What is m(y)?
-3
Let r(d) = 7*d + 17. Let f(x) = 7. Let w(p) = -2*f(p) + r(p). What is w(2)?
17
Let p = 1798 + -1809. Let b(k) = -k**2 - 10*k + 12. Determine b(p).
1
Let q(f) be the first derivative of -1/3*f**3 + 5*f**2 + 8*f - 11. Calculate q(10).
8
Let x(l) = 43*l**3 - 45 + 69*l**3 - 111*l**3 - 39*l + 16*l**2. Determine x(-18).
9
Let j(n) = n**2 + 4. Let y(q) = -q**3 + 7*q**2 - 6*q + 3. Let l be y(6). Suppose 0*g - l*g + d - 245 = 0, 5*g + 403 = -d. Let u be 18/g + 2/9. Give j(u).
4
Suppose l - 9 = -o, -15 = -2*o - o. Suppose -d = 5, l*r - d + 12 = -11. Let x(c) = -c - 4. Determine x(r).
3
Let o(h) = -1 + 80*h**3 - 1 - 4*h**2 - 5*h - 83*h**3 + 1. Let z(i) = 3*i**3 + 3*i**2 + 4*i + 1. Let l(t) = 3*o(t) + 4*z(t). Give l(-1).
-3
Let z(r) = -r**3 + 3*r**2 + 10*r - 5. Let t = -17 + 22. Suppose -o = t*o - 30. Let f be z(o). Let x(u) = u**2 + 5*u - 7. Give x(f).
-7
Suppose -4*o - 1 = q, 39*q - 44*q + 15 = 0. Let a(c) = -5*c - 4. What is a(o)?
1
Suppose -4 - 8 = -4*n. Let i(a) = -a**3 + 2*a**3 - 2 - 3*a + 5 - n*a**2. Let p = -1377 - -1379. Give i(p).
-7
Let g(b) = 128 + b + 0*b**3 - 5*b**3 - 130 + 4*b**3. What is g(2)?
-8
Let g(o) = -o**2 - o - 12. Let y(m) = -3*m**2 - 6*m - 49. Let f(d) = -4*g(d) + y(d). Let j(b) = 3*b**2. Let a be j(-1). Calculate f(a).
2
Let f(t) be the second derivative of -t**4/12 - 5*t**3/6 + 2*t**2 - 5*t + 5. What is f(-7)?
-10
Let j = 32 - 2. Suppose -8*i = -3*i + j. Let n be (i/(-4))/(9/24). Let g(a) = -a**3 + 4*a**2 + 3. Determine g(n).
3
Let q(s) be the second derivative of -s**5/60 - s**4/6 + s**3 + s**2/2 + s. Let r(f) be the first derivative of q(f). Let i = -221 - -216. What is r(i)?
1
Suppose 6*y + 28 = 4*i + 2*y, 4*y + 8 = 0. Suppose -i*z - m + 52 = 0, 0 = -3*z - z - 3*m + 46. Let c(p) = p + 1. Calculate c(z).
11
Let o(y) = -4*y**2 + 10*y - 6. Let i(j) = 5*j**2 - 11*j + 6. Let x(z) = -3*i(z) - 4*o(z). Let h(v) = 25*v + 131. Let a be h(-5). Calculate x(a).
0
Let s(p) = -p**2 + p. Suppose 0 = 3*v + v + 8. Let z be (-13)/5 + v/5. Give s(z).
-12
Let g be 2/5 + (-23)/(-5). Let m(d) = -3*d**2 - 1. Let i(a) = -13*a**2 + 5*a - 7. Let z(l) = i(l) - 4*m(l). Calculate z(g).
-3
Let c(k) = k**3 - 2*k**2 - 3*k + 3. Suppose -o = -5*z + 13, 6 = -4*z + 6*z. Calculate c(o).
-3
Suppose 4*f + f = 4*l - 12, 28 = l + 5*f. Let g(s) = -s**2 + 10*s - 16. Determine g(l).
0
Let g(o) be the third derivative of -o**2 + 1/120*o**6 + 1/12*o**4 - 1/12*o**5 + 0 + 0*o - o**3. Calculate g(5).
4
Let q = -103 - -106. Let x(d) be the third derivative of 0 - 1/4*d**4 + 4*d**2 + 0*d + 1/60*d**5 + 1/6*d**q. What is x(5)?
-4
Let x(s) = -2*s**3 - s - 1 + s**3 - 128154*s**2 + 128157*s**2. Give x(2).
1
Let s(p) = 45 + 50 - 140 + 44 + 8*p. Give s(-1).
-9
Let v(x) be the second derivative of -33*x**5/20 + x**4/6 - x**2/2 - 49*x. Calculate v(-1).
34
Suppose -3*b + 0*b = -6. Let n(u) = 4*u**3 + 10*u**2 + 1 - 5*u**3 + 7*u + b*u**3 + 2*u. Let f be n(-9). Let t(a) = -10*a**2 + a - 1. Determine t(f).
-10
Let k(y) = y**3 + 3*y**2 + y - 2. Let b(x) = x + 2. Let h be b(1). Suppose 0 = -h*p - 6. Calculate k(p).
0
Let o(z) = 117*z + 584. Let f be o(-5). Let l(i) be the first derivative of 5*i**4/12 + 2*i - 2. Let t(r) be the first derivative of l(r). Determine t(f).
5
Let m = -10 - -9. Let f(h) be the third derivative of h**6/60 + h**5/60 - h**3/6 - 18*h**2. Give f(m).
-2
Let h(m) = 2*m**2 + 1. Suppose 5*y - 63 = 8*y. Let j be (-110)/(-7) + (-6)/y. Suppose 3*q = -2*c + j, 3*q - 3*c + 14 = c. Calculate h(q).
9
Let g(h) = 31*h - 4*h**2 - 24*h - h**3 + 5 + h**2. Calculate g(-4).
-7
Let h(c) be the first derivative of -17*c**3/3 - c**2/2 + c - 772. Suppose -2*v + 4*d = -14, -4*v + 16 = -3*d - d. Calculate h(v).
-17
Let k = -296 - -292. Let f(y) = -2*y**2 - y + 8. Calculate f(k).
-20
Let z = 23 + -21. Suppose z*l - 6 = -2. Let a(n) = -l*n + 3 - 2*n + 2*n + n. Determine a(0).
3
Let j(y) = -21 - 2*y + 9 + 6 + 5 - y. What is j(1)?
-4
Let c(v) = -v**3 + 8*v**2 + 4*v - 75. Let b be c(7). Let i(x) = -2*x - 3. Give i(b).
-7
Let i(f) be the third derivative of f**6/120 + 7*f**5/60 + 5*f**4/24 + 4*f**3/3 - 4*f**2. Suppose r = g - 19, 4*g + 4*r + r = 40. Let y = -21 + g. What is i(y)?
14
Let q(j) = 11*j**3 - 5*j**2 - 35*j + 23. Let g(s) = -4*s**3 + s**2 + 12*s - 8. Let n(y) = -8*g(y) - 3*q(y). Give n(8).
3
Let o be ((-1)/3)/(-2 + 1101/549). Let d = o - -66. Let r(j) = j**2 - 6. What is r(d)?
19
Let j(w) = -w. Let n(f) = -5*f - 1. Let v(y) = 4*j(y) - n(y). Let t(i) = i**2 - 3*i - 5. Let q(b) = t(b) - v(b). Give q(5).
-1
Suppose 0 = 3*u - 24 + 15. Let y be u*(-8)/(-12) - 1. Let f be 5 + (y + -3)/1. Let k(p) = 3*p - 4. Give k(f).
5
Let h(d) be the first derivative of -5*d**2/2 - 3*d + 2. Let v(w) = -11*w - 7. Let r(c) = 5*h(c) - 2*v(c). What is r(1)?
-4
Suppose 0 = -5*j + 2*j. Let u(l) = 3*l**2 - 3*l + 0*l**2 - 2*l**2 + j*l. Give u(5).
10
Suppose -1 = 5*o + 4, -i + 9 = -3*o. Let v(s) = -2*s**2 + 25*s - 11. Let d(k) = -3*k**2 + 38*k - 16. Let f(x) = 5*d(x) - 8*v(x). Calculate f(i).
-16
Let n(i) = -3*i - 5. Let k = -270 + 264. Give n(k).
13
Let b = -9 - -5. Let y(g) = -g**3 - 4*g**2 - 3*g - 1. Let r be y(b). Let j = -12 + r. Let s(a) = -5*a + 1. Determine s(j).
6
Let x(r) = 2*r**3 - 7*r**2 - 3*r + 5. Let h(s) = s**3 + s**2 - s. Let y(p) = h(p) - x(p). Suppose 4*j = j + 24. What is y(j)?
11
Suppose -42 = 4*a + 2*i, -6*a = -10*a + 5*i - 35. Let r(s) = 2*s + 33. Determine r(a).
13
Let a(b) = b - 11. Suppose 0 = 10*r - 2*r - 80. What is a(r)?
-1
Let t(q) = -q**2 + 6*q + 19. Let p be t(8). Suppose 5*a = p*a - 6. Let i(m) be the first derivative of 2*m**3/3 + 3*m**2/2 - 4*m + 1. What is i(a)?
5
Let x(c) be the first derivative of c**4/4 - 5*c**3 - c**2/2 + 11*c + 334. Determine x(15).
-4
Let q be 2/(-14) + 17 + 304/(-28). Let z(v) be the first derivative of -q - 1/2*v**2 + v + v**3. Calculate z(-2).
15
Let o be -1 + 5 + 3 + -6. Suppose -3*z = -5*p + 16 + o, 3*z = -p - 11. Let r(k) = 4*k + 5 - k**2 + p - 1 - 3*k + k**3. Give r(0).
5
Suppose 4 = -18*a + 20*a. Let i(u) = u**2 + 0*u**a + 439*u - 439*u. What is i(-1)?
1
Let k(h) be the second derivative of h**5/20 - 3*h**4/4 + 5*h**3/3 - 3*h**2 + 2*h. Let q be (-17)/(85/30)*1 + 14. Give k(q).
10
Let i(g) = -6*g**2 - g**3 - 94*g + 193*g - 94*g. Give i(-7).
14
Let n(d) be the third derivative of -d**6/120 + d**4/8 - d**3/3 + d**2. Suppose -239 = 4*p - k + 4*k, -4*k + 148 = -3*p. Let b = p + 58. Give n(b).
-4
Let t(s) = -s - 4. Let a be t(0). Let b(y) = 6226 - 6229 + 7*y**2 + y**3 + 5*y - 2*y**2. Calculate b(a).
-7
Suppose -55 = 3*w + 4*a, -8*a + 3*a = w + 22. Let b(u) = -u + 6. What is b(w)?
23
Let v(z) = 0*z + 0*z**3 + 7*z**3 - 5*z**3 + 2*z**2 - z**2 - z. Let j(s) = s - 4. Let m be j(5). Determine v(m).
2
Let f be (1 - (-20)/(-5)) + 5. Suppose -3*n + 2 = -2*k, 2*k + 2 = -2*n - f*n. Let y(x) = -x + 10. Give y(n).
10
Let l(v) be the third derivative of v**6/720 + v**5/40 + v**4/24 - 11*v**2. Let f(c) be the second derivative of l(c). Determine f(3).
6
Let n(v) = 40*v - 156*v + 112*v. Give n(-3).
12
Let f(c) = c**3 - c. Let b = 99 + -97. What is f(b)?
6
Let z(d) = 7*d**2 + 3*d + 2. Let c(w) = -4*w**2 - 2*w - 1. Let g(l) = 11*c(l) + 6*z(l). Suppose 0 = -2*y - 77*i + 82*i + 4, 4*i = 4*y + 4. Give g(y).
-5
Let i(v) = -5*v**2 + 6*v - 4. Let z be i(1). Let a(o) = o**3 + 2*o**2 - 3*o - 3. Calculate a(z).
-3
Let k(h) = 2*h - 24 - 23 + 46. Let b = -23 + 21. Let q = b - -5. What is k(q)?
5
Suppose -4*c + 5*j = -3, -c - j = -2*c + 1. Suppose c*v = 5 - 3. Let g(w) = 1 - 3 + 6*w - 3 - v - w**2. Give g(4).
2
Let x(n) = 4*n**2 - 13*n + 2. Let h(v) = 3*v**2 - 12*v + 2. Let o(a) = -5*h(a) + 4*x(a). Let c(z) be the first derivative of o(z). Give c(-6).
-4
Let x(a) = -a**2 - 10*a - 6. Let q be 20/10 - 1*11. Let d be x(q). Suppose 5*h - d*f - 26 = -4*f, -2*f - 20 = -2*h. Let k(l) = l**2 - 8*l + 5. Give k(h).
-7
Let i(k) be the third derivative of k**4/24 - 5*k**3/6 - 8*k**2. Let v be i(6). Let m(z) = 1 - v - 4*z**2 + 1 + 2 - z**3. What is m(-4)?
3
Let w(h) 